f(3). Give n(s).
-1
Suppose 4*l = 5*i + 13 + 4, -5*l - 3*i - 25 = 0. Let z(j) = 5*j + 49 - 49. What is z(l)?
-10
Let f(g) be the third derivative of g**4/24 - 2*g**3/3 + 2*g**2. Give f(5).
1
Let k(l) = 13*l**2 + 9. Let m(c) = 6*c**2 + 4. Let q(x) = 3*k(x) - 7*m(x). Calculate q(-1).
-4
Suppose -6*t = -3*t + 9. Let m(x) = -2*x + 2. Let y(c) = c - 2. Let i(v) = -2*m(v) - 3*y(v). Determine i(t).
-1
Let x = -15 + 17. Let p(j) = -j**3 + j**2 - 2*j + 3. What is p(x)?
-5
Let k(o) = o**3 + o**2 - 2. Let r(a) = a + 8. Let n be r(-6). Let z = -4 + n. Give k(z).
-6
Let j(o) = -11*o**2 + 2*o + 4. Let p(r) = -r**2 + 1. Let g(u) = -j(u) + 2*p(u). Let f(h) = 26*h**2 - 6*h - 6. Let z(c) = -6*f(c) + 17*g(c). Calculate z(2).
-6
Let d = 20 + -13. Let v(c) = c - d*c + 0*c + 8*c. Give v(-1).
-2
Let r(n) = -2*n - 2*n - 1 + 26*n**2 - 18*n**2. Let y(b) = -9*b**2 + 5*b + 2. Let o(m) = 3*r(m) + 2*y(m). Give o(1).
5
Suppose 8*l - 24 = 4*l. Suppose -l*s + 3*s = -15. Suppose -s*g = -2*g + 15. Let o(i) = i**2 + 7*i + 5. Determine o(g).
-5
Suppose -2*g = -0*g. Let n(h) = h + 3. Let p be n(g). Suppose 0 = -p*t - f + 5, -3*t - 5*f = -t + 1. Let y(j) = -j**3 + 4*j**2 - 4*j + 3. Give y(t).
3
Let i(a) be the third derivative of -a**5/60 - a**4/8 + 7*a**3/6 - 22*a**2. What is i(-5)?
-3
Let b(m) = -m - 2. Let i(u) = -u - 1. Suppose -3*z - 6*n - 4 = -4*n, 0 = 5*z - n - 2. Let g be i(z). Determine b(g).
-1
Let l = -4 + 6. Suppose 2*y + 6 = l*x, 3*x - 5*y = x - 6. Let j = x - 2. Let m(q) = -q**2 + 6*q + 1. Give m(j).
6
Let r(f) = -13*f - 7. Let c(o) = -7*o - 4. Let d(k) = -k**2 + 6*k - 3. Let w be d(4). Let z(b) = w*c(b) - 3*r(b). Determine z(1).
5
Let q(w) = 3*w**3 - 10*w**2 + 16*w - 13. Let d(o) = -2*o**3 + 7*o**2 - 11*o + 9. Let r(h) = 7*d(h) + 5*q(h). Determine r(2).
8
Let n(u) be the third derivative of u**4/4 + 2*u**2. Let q(w) = -w**3 - 2*w**2 - 2*w - 3. Let x be q(-2). Calculate n(x).
6
Let i(l) = -2*l - 5 - l + 0*l. Let t = -120 - -116. Give i(t).
7
Suppose -12 = 3*t - t. Let d(f) = f**2 + 5*f - 7. Give d(t).
-1
Let y(p) = -p**2 + p + 1. Let g(v) = -3*v**2 - 5*v - 2. Let z(o) = g(o) - 2*y(o). Give z(-4).
8
Let v = -42 + 28. Let b = v - -18. Let p(g) = -g**2 + 4*g + 5. Determine p(b).
5
Let z(i) be the third derivative of -i**4/12 - i**3/3 + 17*i**2. Give z(4).
-10
Let g = -49 + 44. Let y(f) = 4*f + 3. Let z(c) = 9*c + 6. Let u(x) = -5*y(x) + 2*z(x). Determine u(g).
7
Let x = 10 + -5. Let l(o) = -3 - 2*o + 4 - x*o**2 + 17*o**2. Let r(q) = q + 4. Let m be r(-3). Give l(m).
11
Suppose -4*m = 5*i + 7, 4*i = -5*m - 1 - 1. Let h(o) be the first derivative of -m*o**3 - 7/2*o**2 - 1/4*o**4 - 1 - 4*o. Calculate h(-5).
6
Let x(g) = g. Let u(v) = -v - 4. Let r be u(0). Let h = r + 8. Determine x(h).
4
Suppose 7*n + 15 = 12*n. Let s(j) = 2*j + n + 1 - 4*j - j**2. What is s(-4)?
-4
Let d be 4/6 - 28/6. Let m(h) = h**2 - h. Let v(g) = -g**3 - 10*g**2 + 5*g + 5. Let c(x) = -6*m(x) - v(x). Calculate c(d).
-9
Let u(y) = 189*y - 2 - y**2 - 194*y + 0*y**2. Determine u(-6).
-8
Let w = 42 - 38. Let f(h) = -h + 3. Determine f(w).
-1
Let a(k) = -k + 6. Let p be (-2)/(-6)*(8 - -4). Let l be (-34)/(-8) + (-2)/8. Suppose -t - 8 = l*h + t, -t = p*h + 4. What is a(h)?
6
Let a(r) = -r**2 - r + 1. Let f = 0 - -1. Let o(l) = -6*l**2 - 5*l + 7. Let g(t) = f*o(t) - 5*a(t). Let w(n) = -n + 2. Let b be w(2). Calculate g(b).
2
Let a(z) = -4 - z - 625*z**3 + 4*z**2 + 2 + 623*z**3. Let q(t) = t + 7. Let n be q(-4). Suppose -3*i + 3*w - 9 = 0, n*i = -3*w + 25 - 4. What is a(i)?
-4
Let k(n) = n**2 - 6*n + 5. Suppose -4*u = -3*z + 8*z - 11, 3*u + 5*z - 7 = 0. Let y be k(u). Let s be 2*(1 + 0/y). Let a(q) = -6*q + 2. Calculate a(s).
-10
Let z be (-2)/(-2)*(2 - 0). Suppose 0*x = 2*h + 4*x + 16, -h - x - 4 = 0. Let k(v) = -z*v - 3*v + 3 + h*v + v**2. Calculate k(4).
-1
Let q(w) = 2*w - 7. Let p(z) = z - 7. Let m(i) = -4*p(i) + 5*q(i). What is m(5)?
23
Let h(q) = -3*q**2 + 3. Let w(u) = 4*u - 21. Let v be w(6). Determine h(v).
-24
Let m(x) = -1 + 0 + x - 4 + 4*x**2 - 5*x**2. Let p(b) = b**2 - b + 4. Let o(c) = 3*m(c) + 2*p(c). Determine o(0).
-7
Let m(p) = -p + 9. Let q(x) be the first derivative of -x**4/4 + 10*x**3/3 + x**2/2 - 10*x - 4. Let i be q(10). Determine m(i).
9
Let s = 6 + 5. Suppose -1 + s = 5*w. Let o(d) = -d + 2. Let j(p) = 2*p - 3. Let z(h) = -2*j(h) - 3*o(h). What is z(w)?
-2
Suppose -y - 1 = -3*y + 3*c, c - 11 = -5*y. Let q be (2/2)/(4/16). Let o(k) = y + k**2 + 0*k - q*k - 3. Calculate o(3).
-4
Let h(s) = -s + 7*s**2 - 3 + s**3 - s**3 + s**3 - 3*s**2. What is h(-4)?
1
Let k be (-2)/(-6) - (-496)/24. Suppose 3*t = 3*n - k, -3*t = -0*t + 12. Suppose -p = -n*p. Let r(v) = v**3 + v**2 - v - 3. Determine r(p).
-3
Let d(t) = t. Let m(w) = 3. Let h(i) = d(i) + m(i). Let s(l) = -l - 2. Let p(g) = -2*h(g) - 3*s(g). Calculate p(-2).
-2
Let i(q) = 6*q**3 - q**2 - q - 1. Suppose -3*t - 1 = 2*c, -4*t - 2*c - 8 = -6. Determine i(t).
-7
Let h(g) = g**3 - 2*g**2 - 2*g - 1. Let t be 1/(-2) - 9/6. Let p(k) = k**2 + 2*k + 2. Let b be p(t). Calculate h(b).
-5
Suppose 0*g = 3*g - 15. Suppose 0*s = -5*t - g*s + 25, -2*s = -t - 10. Let h(b) = -b - 4. What is h(t)?
-4
Let m(y) = 2*y**2 - 6*y + 1. Let s be m(4). Let g = s + -10. Let o(h) = h**2 - h - 1. What is o(g)?
1
Let r(a) = 5*a**2 - 1. Let i be r(1). Let h(n) = -i + 4*n**2 - 3*n - n**3 + 6 + 0*n. Let d be (7 - 2) + -2 + 0. What is h(d)?
2
Let l(x) = x**3 - x**2 - x - 6. Let h = 10 + -18. Let b = h + 8. Calculate l(b).
-6
Let h(y) = -5*y**2 - 3*y - 1. Let s = 22 - 24. What is h(s)?
-15
Let w(s) be the first derivative of -s**3/3 - 19*s + 21. Determine w(0).
-19
Let y(i) = -i**3 - 4*i**2 + 4*i - 2. Let q be y(-5). Let u(s) = -2 + 2*s - 5*s + q. Determine u(-1).
4
Let y(i) = i**2 - 7*i + 8. Suppose 3*t + 0*w - 37 = -2*w, 5*t - 50 = -w. Suppose 3 + t = 2*j. Give y(j).
2
Let i(m) be the third derivative of 0*m - 7/24*m**4 + 4*m**2 - 1/12*m**5 + 4/3*m**3 + 0 + 1/120*m**6. Let l be ((-2)/(-5))/(1/15). What is i(l)?
2
Suppose -m + 12 = 2*m. Let y(u) be the first derivative of u**2/2 + 4*u + 9. Give y(m).
8
Let k(j) = j**2 + 4*j - 2. Suppose -5*a = -p - 6, 0 = 3*p - 8*a + 3*a + 18. Determine k(p).
10
Let i(p) = 0 - 2 + 6*p + 0 - p**2. Let d = -21 + 23. Let q(y) = 2*y + 1. Let c be q(d). Give i(c).
3
Let b(l) = 2*l + 14. Let c(r) = -3*r - 12. Let d(q) = 4*b(q) + 5*c(q). Give d(-5).
31
Let g(i) = -i - 3. Suppose 2 = r + 5. Let l(w) = w**3 + 2*w**2 + w + 3. Let b be l(r). Let t = b + 4. Determine g(t).
2
Let k(x) be the third derivative of 0 + 1/8*x**4 + 0*x + 3*x**2 + 0*x**3. Give k(1).
3
Let m(y) = -3*y**2 - 1 + 4*y**2 + 2*y**2 - 4*y**2 + 5*y. Calculate m(2).
5
Let v(i) = i + 6. Let u be v(-4). Let t(l) = 4 - u*l + 3*l - 6 - 2*l. Determine t(0).
-2
Let b(a) = -2*a**3 + 5*a**2 - a + 2*a**3 - 3 - a**3 + 0*a. Determine b(4).
9
Let f(o) = -7*o + 11. Let z(r) = -8*r + 12. Let g(n) = -6*f(n) + 5*z(n). Determine g(5).
4
Let z(g) = g. Let x(p) = p + 1. Let n = 7 - 8. Let w(a) = n*z(a) + 2*x(a). Give w(3).
5
Let w(v) = -v**3 - 7*v**2 + 8. Suppose -7 = -5*t - 2*s - 48, 3*t + 30 = -3*s. Calculate w(t).
8
Let w(r) be the second derivative of r**3/6 - r**2 + 148*r. Suppose -3*k + 10 + 2 = 0. Give w(k).
2
Let q(b) = -b**2 + 6*b - 5. Let n be (-44)/55*-5*1. What is q(n)?
3
Let v(a) = -a**2. Suppose -1 - 3 = -4*b. Let f = b + 1. Calculate v(f).
-4
Let w(n) = -25*n**2 + n + 0*n - 2*n - 1 + 24*n**2. Determine w(-2).
-3
Let j(q) = -3 + 3 + q**2 + 1 - q + 3*q**3. What is j(1)?
4
Suppose 2*a - 26 = -5*c, c - a + 11 = 3*c. Let o = c - 1. Let k(f) be the third derivative of -f**4/24 + 2*f**3/3 + f**2. Give k(o).
1
Let l = 2 - 3. Let n be 1/((2 - 1)*1). Let g(a) = 8 - a + 2*a**2 - n - 7. Determine g(l).
3
Suppose -2*z - 5*d = -5, 5*d - 9 = 2*d. Let l(t) = -t**2 + t - 1. Let r(w) = -w**2 + 7*w + 4. Let h(y) = -2*l(y) + r(y). Give h(z).
6
Let b = 6 + -5. Let z(c) = -c + 6*c**3 + c + b + c. Let g be -2*1/1 - -1. Determine z(g).
-6
Let h(b) = b**2 - 7*b - 5. Let m be h(7). Let x(r) = -21 + r**2 + 21 + r. Let a(d) = d**3 + 9*d**2 + 8*d + 3. Let c(s) = a(s) - 3*x(s). Calculate c(m).
3
Let u(h) = -8*h. Let f(x) = -7*x. Let g(c) = -4*f(c) + 3*u(c). What is g(-1)?
-4
Let y(n) = -n + 2. Let d(x) be the first derivative of -x**3/3 + 5*x**2/2 - 4*x - 1. Let w = -7 + 12. Let l be d(w). Determine y(l).
6
Suppose